{"id":537,"date":"2025-06-03T14:29:35","date_gmt":"2025-06-03T12:29:35","guid":{"rendered":"https:\/\/wp2.oszef.bhakwien10.schulwebspace.at\/?post_type=product&#038;p=537"},"modified":"2025-06-03T14:29:36","modified_gmt":"2025-06-03T12:29:36","slug":"meeresfruechte-pizza","status":"publish","type":"product","link":"https:\/\/wp2.oszef.bhakwien10.schulwebspace.at\/?product=meeresfruechte-pizza","title":{"rendered":"Meeresfr\u00fcchte Pizza"},"content":{"rendered":"<p><strong data-start=\"79\" data-end=\"104\">Frisch und aromatisch<\/strong> \u2013 knuspriger Pizzateig belegt mit einer Auswahl an Garnelen, Muscheln, Tintenfischringen und feiner Tomatensauce, verfeinert mit Knoblauch und Kr\u00e4utern. Ein Genuss f\u00fcr Liebhaber der Meeresk\u00fcche.<\/p>\n","protected":false},"excerpt":{"rendered":"<p>Frisch und aromatisch \u2013 knuspriger Pizzateig belegt mit einer Auswahl an Garnelen, Muscheln, Tintenfischringen und feiner Tomatensauce, verfeinert mit Knoblauch und Kr\u00e4utern. Ein Genuss f\u00fcr Liebhaber der Meeresk\u00fcche.<\/p>\n","protected":false},"featured_media":292,"comment_status":"open","ping_status":"closed","template":"","meta":{"postBodyCss":"","postBodyMargin":[],"postBodyPadding":[],"postBodyBackground":{"backgroundType":"classic","gradient":""}},"product_brand":[],"product_cat":[22],"product_tag":[26,46,38,23],"class_list":{"0":"post-537","1":"product","2":"type-product","3":"status-publish","4":"has-post-thumbnail","6":"product_cat-hauptgericht","7":"product_tag-lecker","8":"product_tag-meeresfruechte","9":"product_tag-pizza","10":"product_tag-saftig","12":"first","13":"instock","14":"taxable","15":"shipping-taxable","16":"purchasable","17":"product-type-simple"},"_links":{"self":[{"href":"https:\/\/wp2.oszef.bhakwien10.schulwebspace.at\/index.php?rest_route=\/wp\/v2\/product\/537","targetHints":{"allow":["GET"]}}],"collection":[{"href":"https:\/\/wp2.oszef.bhakwien10.schulwebspace.at\/index.php?rest_route=\/wp\/v2\/product"}],"about":[{"href":"https:\/\/wp2.oszef.bhakwien10.schulwebspace.at\/index.php?rest_route=\/wp\/v2\/types\/product"}],"replies":[{"embeddable":true,"href":"https:\/\/wp2.oszef.bhakwien10.schulwebspace.at\/index.php?rest_route=%2Fwp%2Fv2%2Fcomments&post=537"}],"wp:featuredmedia":[{"embeddable":true,"href":"https:\/\/wp2.oszef.bhakwien10.schulwebspace.at\/index.php?rest_route=\/wp\/v2\/media\/292"}],"wp:attachment":[{"href":"https:\/\/wp2.oszef.bhakwien10.schulwebspace.at\/index.php?rest_route=%2Fwp%2Fv2%2Fmedia&parent=537"}],"wp:term":[{"taxonomy":"product_brand","embeddable":true,"href":"https:\/\/wp2.oszef.bhakwien10.schulwebspace.at\/index.php?rest_route=%2Fwp%2Fv2%2Fproduct_brand&post=537"},{"taxonomy":"product_cat","embeddable":true,"href":"https:\/\/wp2.oszef.bhakwien10.schulwebspace.at\/index.php?rest_route=%2Fwp%2Fv2%2Fproduct_cat&post=537"},{"taxonomy":"product_tag","embeddable":true,"href":"https:\/\/wp2.oszef.bhakwien10.schulwebspace.at\/index.php?rest_route=%2Fwp%2Fv2%2Fproduct_tag&post=537"}],"curies":[{"name":"wp","href":"https:\/\/api.w.org\/{rel}","templated":true}]}}